{"id":40,"date":"2020-04-28T10:52:03","date_gmt":"2020-04-28T08:52:03","guid":{"rendered":"http:\/\/espritg.cluster028.hosting.ovh.net\/?page_id=40"},"modified":"2025-09-11T18:51:42","modified_gmt":"2025-09-11T16:51:42","slug":"index-php-decouvrez-la-barbe","status":"publish","type":"page","link":"http:\/\/espritvins.pro\/index.php\/index-php-decouvrez-la-barbe\/","title":{"rendered":"D\u00e9couvrez la barbe"},"content":{"rendered":"\n<div class=\"wp-block-media-text alignwide is-stacked-on-mobile\" style=\"grid-template-columns:41% auto\"><figure class=\"wp-block-media-text__media\"><img loading=\"lazy\" width=\"687\" height=\"1024\" src=\"http:\/\/espritg.cluster028.hosting.ovh.net\/wp-content\/uploads\/2020\/04\/Loic-photo-EV-1-687x1024.jpg\" alt=\"\" class=\"wp-image-211 size-full\"\/><\/figure><div class=\"wp-block-media-text__content\">\n<div style=\"height:20px\" aria-hidden=\"true\" class=\"wp-block-spacer\"><\/div>\n\n\n<h1 class=\"fonts-plugin-block \" style=\"font-family: Dancing Script;font-weight: normal;font-size: 45px;line-height: 1;text-align: left;color: #dbc1a9\">Le cr\u00e9ateur <br><\/h1>\n\n\n<p>Je m&rsquo;appelle Lo\u00efc Bazin, je suis le fondateur de la soci\u00e9t\u00e9 <strong>Esprit Alambic &#8211; R\u00e9v\u00e9lateur de Vins et Spiritueux<\/strong>. Grand passionn\u00e9 de vins et de spiritueux, j&rsquo;ai grandi dans le milieu de la vigne, dont j&rsquo;ai fait mon m\u00e9tier pendant plus de 10 ans.<\/p>\n\n\n\n<p style=\"font-size:17px\">Cette passion m&rsquo;a \u00e9t\u00e9 transmise par mon p\u00e8re, lui aussi entrepreneur et \u00e9picurien. Caviste ind\u00e9pendant depuis plus de 20 ans, c&rsquo;est lui qui m&rsquo;a aid\u00e9 \u00e0 me lancer dans l&rsquo;aventure avec <strong>Esprit Alambic<\/strong>.<br><\/p>\n\n\n\n<p style=\"font-size:17px\">Depuis 2017, j&rsquo;importe des spiritueux originaux et de qualit\u00e9 sur le territoire fran\u00e7ais, en exclusivit\u00e9. Je les distribue ensuite aux professionnels (caf\u00e9s, h\u00f4tels, restaurants, cavistes), mais aussi aux particuliers gr\u00e2ce \u00e0 notre site e-commerce.<br><\/p>\n\n\n\n<div style=\"height:20px\" aria-hidden=\"true\" class=\"wp-block-spacer\"><\/div>\n<\/div><\/div>\n\n\n\n<hr class=\"wp-block-separator has-css-opacity is-style-dots\"\/>\n\n\n\n<div class=\"wp-block-media-text alignwide has-media-on-the-right is-stacked-on-mobile\" style=\"grid-template-columns:auto 35%\"><figure class=\"wp-block-media-text__media\"><img loading=\"lazy\" width=\"783\" height=\"1024\" src=\"http:\/\/espritg.cluster028.hosting.ovh.net\/wp-content\/uploads\/2020\/05\/marc-babin-uNVAvEt8KCQ-unsplash-e1593596591276-783x1024.jpg\" alt=\"\" class=\"wp-image-2522 size-full\"\/><\/figure><div class=\"wp-block-media-text__content\">\n<div style=\"height:20px\" aria-hidden=\"true\" class=\"wp-block-spacer\"><\/div>\n\n\n<h1 class=\"fonts-plugin-block \" style=\"font-family: Dancing Script;font-weight: normal;font-size: 45px;line-height: 1;color: #dbc1a9\">Le concept<br><\/h1>\n\n\n<p style=\"font-size:17px\">L&rsquo;id\u00e9e d&rsquo;<strong>Esprit Alambic<\/strong> m&rsquo;est venue lors d&rsquo;une d\u00e9gustation avec des amis m&rsquo;ayant fait go\u00fbter le whisky suisse Langatun. En voulant acheter ce produit, je me suis aper\u00e7u qu&rsquo;il n\u2019\u00e9tait pas disponible en France. L&rsquo;id\u00e9e de cr\u00e9er ma soci\u00e9t\u00e9 pour importer des spiritueux d&rsquo;exception est n\u00e9e. <\/p>\n\n\n\n<p style=\"font-size:17px\">Aujourd&rsquo;hui, le portefeuille d&rsquo;<strong>Esprit Alambic<\/strong> est compos\u00e9 d&rsquo;une dizaine de marques de spiritueux parmi les plus originaux du march\u00e9.<br> ( voir carte ci-dessous)<br><\/p>\n\n\n\n<div style=\"height:20px\" aria-hidden=\"true\" class=\"wp-block-spacer\"><\/div>\n<\/div><\/div>\n\n\n\n<hr class=\"wp-block-separator has-css-opacity is-style-dots\"\/>\n\n\n\n<div class=\"wp-block-media-text alignwide is-stacked-on-mobile\" style=\"grid-template-columns:41% auto\"><figure class=\"wp-block-media-text__media\"><img loading=\"lazy\" width=\"614\" height=\"1024\" src=\"http:\/\/espritg.cluster028.hosting.ovh.net\/wp-content\/uploads\/2020\/05\/Sans-titre-5-04-614x1024.png\" alt=\"\" class=\"wp-image-2017 size-full\"\/><\/figure><div class=\"wp-block-media-text__content\">\n<div style=\"height:20px\" aria-hidden=\"true\" class=\"wp-block-spacer\"><\/div>\n\n\n<h1 class=\"fonts-plugin-block \" style=\"font-family: Dancing Script;font-weight: normal;font-size: 45px;line-height: 1;color: #dbc1a9\">Le choix des distilleries<br><\/h1>\n\n\n<p style=\"font-size:17px\">Tous les jours, je parcours les r\u00e9seaux sociaux et les salons \u00e0 la recherche de spiritueux d&rsquo;exception aux concepts innovants. Si une bouteille attire mon attention, je prends contact avec le producteur pour en savoir plus, et surtout pour connaitre sa vision et son histoire.<br>Comme avec mes partenaires fran\u00e7ais, mon ambition est de construire des relations de proximit\u00e9 avec les producteurs \u00e0 l&rsquo;\u00e9tranger.<\/p>\n\n\n\n<p style=\"font-size:17px\">Deux \u00e9l\u00e9ments sont d\u00e9terminants lors de la s\u00e9lection des produits import\u00e9s: leur qualit\u00e9 et originalit\u00e9 avant tout, mais \u00e9galement la d\u00e9marche du producteur. Chacune de nos Maisons partenaires porte des engagements forts, en faveur de l&rsquo;environnement comme Langatun, de la production locale comme la distillerie islandaise Eimverk, ou encore de la transparence comme Ocean&rsquo;s et The Single Cask.<\/p>\n\n\n\n<div style=\"height:20px\" aria-hidden=\"true\" class=\"wp-block-spacer\"><\/div>\n<\/div><\/div>\n\n\n\n<hr class=\"wp-block-separator has-css-opacity is-style-wide\"\/>\n\n\n<h1 class=\"fonts-plugin-block \" style=\"font-family: Dancing Script;font-weight: normal;font-size: 45px;line-height: 1;color: #dbc1a9\">Nos importations <br><\/h1>\n\n\n<p style=\"font-size:17px\">Notre portefeuille est aujourd\u2019hui compos\u00e9 de whiskies, rhums, gins et autres spiritueux  issus des quatre coins du globe, et nous continuons \u00e0 explorer ce monde si riche afin de vous surprendre avec de nouvelles d\u00e9couvertes&#8230;<\/p>\n\n\n\n<ul><li><strong style=\"font-size: 1rem;\"><a href=\"http:\/\/espritg.cluster028.hosting.ovh.net\/index.php\/nos-maisons\/marques\/eimverk\/\">Eimverk<\/a><\/strong><span style=\"font-size: 1rem;\">\u00a0(Islande : whisky Floki, gin et aquavit).<\/span><\/li><li><strong><a href=\"http:\/\/espritg.cluster028.hosting.ovh.net\/index.php\/nos-maisons\/marques\/pearse\/\">Pearse Lyons<\/a><\/strong>\u00a0(Irlande : whiskies Pearse, whiskies et gins Ha&rsquo;Penny, gin Mil).<\/li><li><strong>Lighthouse<\/strong> (\u00c9cosse : blended scotch et \u00e9ditions l\u00e9g\u00e8rement tourb\u00e9es).<\/li><li><strong><a href=\"http:\/\/espritg.cluster028.hosting.ovh.net\/index.php\/nos-maisons\/marques\/oceans\/\">Ocean&rsquo;s<\/a><\/strong>\u00a0(Espagne : assemblages de rhums de m\u00e9lasse d&rsquo;exception issus des Cara\u00efbes).<\/li><li><strong>Whisky Is The Limit<\/strong> (Ecosse\u00a0: s\u00e9lection et affinage de whiskies\u00a0\u00e0 la fois authentiques et atypiques).<\/li><li><strong>Stork Club<\/strong> (Allemagne : Whiskey de seigle).<\/li><li><strong>Boulder Spirits<\/strong> (\u00c9tats-Unis : single malts am\u00e9ricains).<\/li><li><strong>Coolumbus<\/strong> (Am\u00e9rique Latine : gin 100% bl\u00e9).<\/li><\/ul>\n\n\n\n<figure class=\"wp-block-image is-resized\"><img loading=\"lazy\" src=\"http:\/\/espritvins.pro\/wp-content\/uploads\/2021\/08\/CARTE-ESPRIT-ALAMBIC-1024x632.jpg\" alt=\"\" class=\"wp-image-4237\" width=\"948\" height=\"585\" srcset=\"http:\/\/espritvins.pro\/wp-content\/uploads\/2021\/08\/CARTE-ESPRIT-ALAMBIC-1024x632.jpg 1024w, http:\/\/espritvins.pro\/wp-content\/uploads\/2021\/08\/CARTE-ESPRIT-ALAMBIC-300x185.jpg 300w, http:\/\/espritvins.pro\/wp-content\/uploads\/2021\/08\/CARTE-ESPRIT-ALAMBIC-768x474.jpg 768w, http:\/\/espritvins.pro\/wp-content\/uploads\/2021\/08\/CARTE-ESPRIT-ALAMBIC.jpg 1200w\" sizes=\"(max-width: 767px) 89vw, (max-width: 1000px) 54vw, (max-width: 1071px) 543px, 580px\" \/><\/figure>\n\n\n<div class=\"wp-block-image\">\n<figure class=\"aligncenter is-resized\"><img loading=\"lazy\" src=\"http:\/\/espritg.cluster028.hosting.ovh.net\/wp-content\/uploads\/2020\/04\/NOuveau-Logo-2020-zoom-barbe.jpg\" alt=\"\" class=\"wp-image-232\" width=\"81\" height=\"71\" srcset=\"http:\/\/espritvins.pro\/wp-content\/uploads\/2020\/04\/NOuveau-Logo-2020-zoom-barbe.jpg 325w, http:\/\/espritvins.pro\/wp-content\/uploads\/2020\/04\/NOuveau-Logo-2020-zoom-barbe-300x261.jpg 300w\" sizes=\"(max-width: 81px) 100vw, 81px\" \/><\/figure><\/div>","protected":false},"excerpt":{"rendered":"<p>Notre portefeuille est aujourd\u2019hui compos\u00e9 de whiskies, rhums, gins et autres spiritueux issus des quatre coins du globe, et nous continuons \u00e0 explorer ce monde si riche afin de vous surprendre avec de nouvelles d\u00e9couvertes&#8230; Eimverk\u00a0(Islande : whisky Floki, gin et aquavit). Pearse Lyons\u00a0(Irlande : whiskies Pearse, whiskies et gins Ha&rsquo;Penny, gin Mil). Lighthouse (\u00c9cosse &hellip; <\/p>\n<p class=\"link-more\"><a href=\"http:\/\/espritvins.pro\/index.php\/index-php-decouvrez-la-barbe\/\" class=\"more-link\">Continuer la lecture<span class=\"screen-reader-text\"> de &laquo;&nbsp;D\u00e9couvrez la barbe&nbsp;&raquo;<\/span><\/a><\/p>\n","protected":false},"author":1,"featured_media":0,"parent":0,"menu_order":0,"comment_status":"closed","ping_status":"closed","template":"","meta":[],"_links":{"self":[{"href":"http:\/\/espritvins.pro\/index.php\/wp-json\/wp\/v2\/pages\/40"}],"collection":[{"href":"http:\/\/espritvins.pro\/index.php\/wp-json\/wp\/v2\/pages"}],"about":[{"href":"http:\/\/espritvins.pro\/index.php\/wp-json\/wp\/v2\/types\/page"}],"author":[{"embeddable":true,"href":"http:\/\/espritvins.pro\/index.php\/wp-json\/wp\/v2\/users\/1"}],"replies":[{"embeddable":true,"href":"http:\/\/espritvins.pro\/index.php\/wp-json\/wp\/v2\/comments?post=40"}],"version-history":[{"count":224,"href":"http:\/\/espritvins.pro\/index.php\/wp-json\/wp\/v2\/pages\/40\/revisions"}],"predecessor-version":[{"id":6644,"href":"http:\/\/espritvins.pro\/index.php\/wp-json\/wp\/v2\/pages\/40\/revisions\/6644"}],"wp:attachment":[{"href":"http:\/\/espritvins.pro\/index.php\/wp-json\/wp\/v2\/media?parent=40"}],"curies":[{"name":"wp","href":"https:\/\/api.w.org\/{rel}","templated":true}]}}