{"id":5320,"date":"2022-07-27T17:13:43","date_gmt":"2022-07-27T15:13:43","guid":{"rendered":"http:\/\/espritvins.pro\/?page_id=5320"},"modified":"2025-09-11T19:14:37","modified_gmt":"2025-09-11T17:14:37","slug":"boulder-spirits","status":"publish","type":"page","link":"http:\/\/espritvins.pro\/index.php\/boulder-spirits\/","title":{"rendered":"BOULDER SPIRITS"},"content":{"rendered":"\t\t<div data-elementor-type=\"wp-page\" data-elementor-id=\"5320\" class=\"elementor elementor-5320\">\n\t\t\t\t\t\t\t\t\t<section class=\"elementor-section elementor-top-section elementor-element elementor-element-849f915 elementor-section-boxed elementor-section-height-default elementor-section-height-default\" data-id=\"849f915\" data-element_type=\"section\">\n\t\t\t\t\t\t<div class=\"elementor-container elementor-column-gap-default\">\n\t\t\t\t\t<div class=\"elementor-column elementor-col-100 elementor-top-column elementor-element elementor-element-3617b09\" data-id=\"3617b09\" data-element_type=\"column\">\n\t\t\t<div class=\"elementor-widget-wrap elementor-element-populated\">\n\t\t\t\t\t\t\t\t<div class=\"elementor-element elementor-element-5c4823c elementor-widget elementor-widget-image\" data-id=\"5c4823c\" data-element_type=\"widget\" data-widget_type=\"image.default\">\n\t\t\t\t<div class=\"elementor-widget-container\">\n\t\t\t<style>\/*! elementor - v3.7.2 - 21-08-2022 *\/\n.elementor-widget-image{text-align:center}.elementor-widget-image a{display:inline-block}.elementor-widget-image a img[src$=\".svg\"]{width:48px}.elementor-widget-image img{vertical-align:middle;display:inline-block}<\/style>\t\t\t\t\t\t\t\t\t\t\t\t<img width=\"2048\" height=\"594\" src=\"http:\/\/espritvins.pro\/wp-content\/uploads\/2022\/07\/cornfield-with-windmill-2-2048x594.jpg\" class=\"attachment-2048x2048 size-2048x2048\" alt=\"\" loading=\"lazy\" srcset=\"http:\/\/espritvins.pro\/wp-content\/uploads\/2022\/07\/cornfield-with-windmill-2-2048x594.jpg 2048w, http:\/\/espritvins.pro\/wp-content\/uploads\/2022\/07\/cornfield-with-windmill-2-300x87.jpg 300w, http:\/\/espritvins.pro\/wp-content\/uploads\/2022\/07\/cornfield-with-windmill-2-1024x297.jpg 1024w, http:\/\/espritvins.pro\/wp-content\/uploads\/2022\/07\/cornfield-with-windmill-2-768x223.jpg 768w, http:\/\/espritvins.pro\/wp-content\/uploads\/2022\/07\/cornfield-with-windmill-2-1536x446.jpg 1536w\" sizes=\"100vw\" \/>\t\t\t\t\t\t\t\t\t\t\t\t\t\t\t<\/div>\n\t\t\t\t<\/div>\n\t\t\t\t\t<\/div>\n\t\t<\/div>\n\t\t\t\t\t\t\t<\/div>\n\t\t<\/section>\n\t\t\t\t<section class=\"elementor-section elementor-top-section elementor-element elementor-element-715023c elementor-section-boxed elementor-section-height-default elementor-section-height-default\" data-id=\"715023c\" data-element_type=\"section\">\n\t\t\t\t\t\t<div class=\"elementor-container elementor-column-gap-default\">\n\t\t\t\t\t<div class=\"elementor-column elementor-col-33 elementor-top-column elementor-element elementor-element-1dd57fb\" data-id=\"1dd57fb\" data-element_type=\"column\">\n\t\t\t<div class=\"elementor-widget-wrap\">\n\t\t\t\t\t\t\t\t\t<\/div>\n\t\t<\/div>\n\t\t\t\t<div class=\"elementor-column elementor-col-33 elementor-top-column elementor-element elementor-element-24faec9\" data-id=\"24faec9\" data-element_type=\"column\">\n\t\t\t<div class=\"elementor-widget-wrap elementor-element-populated\">\n\t\t\t\t\t\t\t\t<div class=\"elementor-element elementor-element-1bcefc8 elementor-widget elementor-widget-image\" data-id=\"1bcefc8\" data-element_type=\"widget\" data-widget_type=\"image.default\">\n\t\t\t\t<div class=\"elementor-widget-container\">\n\t\t\t\t\t\t\t\t\t\t\t\t\t\t\t<img width=\"150\" height=\"150\" src=\"http:\/\/espritvins.pro\/wp-content\/uploads\/2022\/07\/BoulderB_5x5_GOLD-1-150x150.png\" class=\"attachment-thumbnail size-thumbnail\" alt=\"\" loading=\"lazy\" srcset=\"http:\/\/espritvins.pro\/wp-content\/uploads\/2022\/07\/BoulderB_5x5_GOLD-1-150x150.png 150w, http:\/\/espritvins.pro\/wp-content\/uploads\/2022\/07\/BoulderB_5x5_GOLD-1-300x300.png 300w, http:\/\/espritvins.pro\/wp-content\/uploads\/2022\/07\/BoulderB_5x5_GOLD-1-100x100.png 100w, http:\/\/espritvins.pro\/wp-content\/uploads\/2022\/07\/BoulderB_5x5_GOLD-1.png 361w\" sizes=\"100vw\" \/>\t\t\t\t\t\t\t\t\t\t\t\t\t\t\t<\/div>\n\t\t\t\t<\/div>\n\t\t\t\t\t<\/div>\n\t\t<\/div>\n\t\t\t\t<div class=\"elementor-column elementor-col-33 elementor-top-column elementor-element elementor-element-92b73b5\" data-id=\"92b73b5\" data-element_type=\"column\">\n\t\t\t<div class=\"elementor-widget-wrap\">\n\t\t\t\t\t\t\t\t\t<\/div>\n\t\t<\/div>\n\t\t\t\t\t\t\t<\/div>\n\t\t<\/section>\n\t\t\t\t<section class=\"elementor-section elementor-top-section elementor-element elementor-element-504d8fd elementor-section-boxed elementor-section-height-default elementor-section-height-default\" data-id=\"504d8fd\" data-element_type=\"section\">\n\t\t\t\t\t\t<div class=\"elementor-container elementor-column-gap-default\">\n\t\t\t\t\t<div class=\"elementor-column elementor-col-25 elementor-top-column elementor-element elementor-element-e9ab325\" data-id=\"e9ab325\" data-element_type=\"column\">\n\t\t\t<div class=\"elementor-widget-wrap elementor-element-populated\">\n\t\t\t\t\t\t\t\t<div class=\"elementor-element elementor-element-f08232c elementor-widget elementor-widget-image\" data-id=\"f08232c\" data-element_type=\"widget\" data-widget_type=\"image.default\">\n\t\t\t\t<div class=\"elementor-widget-container\">\n\t\t\t\t\t\t\t\t\t\t\t\t\t\t\t<img width=\"141\" height=\"300\" src=\"http:\/\/espritvins.pro\/wp-content\/uploads\/2022\/07\/Boulder_Spirits_Bourbon_Malt_SQP.2L-1-141x300.jpg\" class=\"attachment-medium size-medium\" alt=\"\" loading=\"lazy\" srcset=\"http:\/\/espritvins.pro\/wp-content\/uploads\/2022\/07\/Boulder_Spirits_Bourbon_Malt_SQP.2L-1-141x300.jpg 141w, http:\/\/espritvins.pro\/wp-content\/uploads\/2022\/07\/Boulder_Spirits_Bourbon_Malt_SQP.2L-1-482x1024.jpg 482w, http:\/\/espritvins.pro\/wp-content\/uploads\/2022\/07\/Boulder_Spirits_Bourbon_Malt_SQP.2L-1-768x1631.jpg 768w, http:\/\/espritvins.pro\/wp-content\/uploads\/2022\/07\/Boulder_Spirits_Bourbon_Malt_SQP.2L-1-723x1536.jpg 723w, http:\/\/espritvins.pro\/wp-content\/uploads\/2022\/07\/Boulder_Spirits_Bourbon_Malt_SQP.2L-1-964x2048.jpg 964w, http:\/\/espritvins.pro\/wp-content\/uploads\/2022\/07\/Boulder_Spirits_Bourbon_Malt_SQP.2L-1-scaled.jpg 1205w\" sizes=\"100vw\" \/>\t\t\t\t\t\t\t\t\t\t\t\t\t\t\t<\/div>\n\t\t\t\t<\/div>\n\t\t\t\t\t<\/div>\n\t\t<\/div>\n\t\t\t\t<div class=\"elementor-column elementor-col-25 elementor-top-column elementor-element elementor-element-cdda8ae\" data-id=\"cdda8ae\" data-element_type=\"column\">\n\t\t\t<div class=\"elementor-widget-wrap elementor-element-populated\">\n\t\t\t\t\t\t\t\t<div class=\"elementor-element elementor-element-2227d72 elementor-widget elementor-widget-heading\" data-id=\"2227d72\" data-element_type=\"widget\" data-widget_type=\"heading.default\">\n\t\t\t\t<div class=\"elementor-widget-container\">\n\t\t\t<style>\/*! elementor - v3.7.2 - 21-08-2022 *\/\n.elementor-heading-title{padding:0;margin:0;line-height:1}.elementor-widget-heading .elementor-heading-title[class*=elementor-size-]>a{color:inherit;font-size:inherit;line-height:inherit}.elementor-widget-heading .elementor-heading-title.elementor-size-small{font-size:15px}.elementor-widget-heading .elementor-heading-title.elementor-size-medium{font-size:19px}.elementor-widget-heading .elementor-heading-title.elementor-size-large{font-size:29px}.elementor-widget-heading .elementor-heading-title.elementor-size-xl{font-size:39px}.elementor-widget-heading .elementor-heading-title.elementor-size-xxl{font-size:59px}<\/style><h2 class=\"elementor-heading-title elementor-size-default\"><br><br><br>COLORADO<\/h2>\t\t<\/div>\n\t\t\t\t<\/div>\n\t\t\t\t<div class=\"elementor-element elementor-element-2b739d7 elementor-widget elementor-widget-heading\" data-id=\"2b739d7\" data-element_type=\"widget\" data-widget_type=\"heading.default\">\n\t\t\t\t<div class=\"elementor-widget-container\">\n\t\t\t<h2 class=\"elementor-heading-title elementor-size-default\">Straight Bourbon Whiskey<\/h2>\t\t<\/div>\n\t\t\t\t<\/div>\n\t\t\t\t<div class=\"elementor-element elementor-element-ec941bb elementor-widget elementor-widget-heading\" data-id=\"ec941bb\" data-element_type=\"widget\" data-widget_type=\"heading.default\">\n\t\t\t\t<div class=\"elementor-widget-container\">\n\t\t\t<h1 class=\"elementor-heading-title elementor-size-default\">Ce Straight Bourbon \u00e2g\u00e9 de 2 ans est le r\u00e9sultat d'un assemblage peu commun pour un Bourbon.<\/h1>\t\t<\/div>\n\t\t\t\t<\/div>\n\t\t\t\t<div class=\"elementor-element elementor-element-e7c69d2 elementor-align-center elementor-widget elementor-widget-button\" data-id=\"e7c69d2\" data-element_type=\"widget\" data-widget_type=\"button.default\">\n\t\t\t\t<div class=\"elementor-widget-container\">\n\t\t\t\t\t<div class=\"elementor-button-wrapper\">\n\t\t\t<a href=\"http:\/\/espritvins.pro\/index.php\/colorado-whiskey\/\" class=\"elementor-button-link elementor-button elementor-size-sm\" role=\"button\">\n\t\t\t\t\t\t<span class=\"elementor-button-content-wrapper\">\n\t\t\t\t\t\t<span class=\"elementor-button-text\">D\u00e9couvrir<\/span>\n\t\t<\/span>\n\t\t\t\t\t<\/a>\n\t\t<\/div>\n\t\t\t\t<\/div>\n\t\t\t\t<\/div>\n\t\t\t\t\t<\/div>\n\t\t<\/div>\n\t\t\t\t<div class=\"elementor-column elementor-col-25 elementor-top-column elementor-element elementor-element-cdd527d\" data-id=\"cdd527d\" data-element_type=\"column\">\n\t\t\t<div class=\"elementor-widget-wrap elementor-element-populated\">\n\t\t\t\t\t\t\t\t<div class=\"elementor-element elementor-element-d48cf38 elementor-widget elementor-widget-image\" data-id=\"d48cf38\" data-element_type=\"widget\" data-widget_type=\"image.default\">\n\t\t\t\t<div class=\"elementor-widget-container\">\n\t\t\t\t\t\t\t\t\t\t\t\t\t\t\t<img width=\"119\" height=\"300\" src=\"http:\/\/espritvins.pro\/wp-content\/uploads\/2025\/09\/BOUTEILLE-SITE-6-119x300.png\" class=\"attachment-medium size-medium\" alt=\"\" loading=\"lazy\" srcset=\"http:\/\/espritvins.pro\/wp-content\/uploads\/2025\/09\/BOUTEILLE-SITE-6-119x300.png 119w, http:\/\/espritvins.pro\/wp-content\/uploads\/2025\/09\/BOUTEILLE-SITE-6-405x1024.png 405w, http:\/\/espritvins.pro\/wp-content\/uploads\/2025\/09\/BOUTEILLE-SITE-6.png 540w\" sizes=\"100vw\" \/>\t\t\t\t\t\t\t\t\t\t\t\t\t\t\t<\/div>\n\t\t\t\t<\/div>\n\t\t\t\t\t<\/div>\n\t\t<\/div>\n\t\t\t\t<div class=\"elementor-column elementor-col-25 elementor-top-column elementor-element elementor-element-68db2cd\" data-id=\"68db2cd\" data-element_type=\"column\">\n\t\t\t<div class=\"elementor-widget-wrap elementor-element-populated\">\n\t\t\t\t\t\t\t\t<div class=\"elementor-element elementor-element-2b3e990 elementor-widget elementor-widget-heading\" data-id=\"2b3e990\" data-element_type=\"widget\" data-widget_type=\"heading.default\">\n\t\t\t\t<div class=\"elementor-widget-container\">\n\t\t\t<h2 class=\"elementor-heading-title elementor-size-default\"><br><br><br>PORT CASK<\/h2>\t\t<\/div>\n\t\t\t\t<\/div>\n\t\t\t\t<div class=\"elementor-element elementor-element-ec15bef elementor-widget elementor-widget-heading\" data-id=\"ec15bef\" data-element_type=\"widget\" data-widget_type=\"heading.default\">\n\t\t\t\t<div class=\"elementor-widget-container\">\n\t\t\t<h2 class=\"elementor-heading-title elementor-size-default\">Single Malt du Colorado - Vieilli en f\u00fbts de Porto<\/h2>\t\t<\/div>\n\t\t\t\t<\/div>\n\t\t\t\t<div class=\"elementor-element elementor-element-7a95042 elementor-widget elementor-widget-heading\" data-id=\"7a95042\" data-element_type=\"widget\" data-widget_type=\"heading.default\">\n\t\t\t\t<div class=\"elementor-widget-container\">\n\t\t\t<h1 class=\"elementor-heading-title elementor-size-default\"><p data-start=\"954\" data-end=\"1111\">Ce whisky am\u00e9ricain 100% orge malt\u00e9e r\u00e9v\u00e8le toute la richesse du f\u00fbt de Porto.<br data-start=\"1032\" data-end=\"1035\">\nUne belle intensit\u00e9 aromatique m\u00ealant fruits rouges, chocolat et bois noble.<\/p>\n<p data-start=\"1113\" data-end=\"1224\">Embouteill\u00e9 \u00e0 46% vol.<span style=\"font-family: Roboto, sans-serif;\"><\/span><\/p><\/h1>\t\t<\/div>\n\t\t\t\t<\/div>\n\t\t\t\t<div class=\"elementor-element elementor-element-869337a elementor-align-center elementor-widget elementor-widget-button\" data-id=\"869337a\" data-element_type=\"widget\" data-widget_type=\"button.default\">\n\t\t\t\t<div class=\"elementor-widget-container\">\n\t\t\t\t\t<div class=\"elementor-button-wrapper\">\n\t\t\t<a href=\"http:\/\/espritvins.pro\/index.php\/boulder-port-cask\/\" class=\"elementor-button-link elementor-button elementor-size-sm\" role=\"button\">\n\t\t\t\t\t\t<span class=\"elementor-button-content-wrapper\">\n\t\t\t\t\t\t<span class=\"elementor-button-text\">D\u00e9couvrir<\/span>\n\t\t<\/span>\n\t\t\t\t\t<\/a>\n\t\t<\/div>\n\t\t\t\t<\/div>\n\t\t\t\t<\/div>\n\t\t\t\t\t<\/div>\n\t\t<\/div>\n\t\t\t\t\t\t\t<\/div>\n\t\t<\/section>\n\t\t\t\t<section class=\"elementor-section elementor-top-section elementor-element elementor-element-98175f7 elementor-section-boxed elementor-section-height-default elementor-section-height-default\" data-id=\"98175f7\" data-element_type=\"section\">\n\t\t\t\t\t\t<div class=\"elementor-container elementor-column-gap-default\">\n\t\t\t\t\t<div class=\"elementor-column elementor-col-25 elementor-top-column elementor-element elementor-element-86fe650\" data-id=\"86fe650\" data-element_type=\"column\">\n\t\t\t<div class=\"elementor-widget-wrap elementor-element-populated\">\n\t\t\t\t\t\t\t\t<div class=\"elementor-element elementor-element-63a4b26 elementor-widget elementor-widget-image\" data-id=\"63a4b26\" data-element_type=\"widget\" data-widget_type=\"image.default\">\n\t\t\t\t<div class=\"elementor-widget-container\">\n\t\t\t\t\t\t\t\t\t\t\t\t\t\t\t<img width=\"154\" height=\"300\" src=\"http:\/\/espritvins.pro\/wp-content\/uploads\/2022\/07\/Boulder_Spirits_Single_Malt_New-American_SQP.2L-1-154x300.jpg\" class=\"attachment-medium size-medium\" alt=\"\" loading=\"lazy\" srcset=\"http:\/\/espritvins.pro\/wp-content\/uploads\/2022\/07\/Boulder_Spirits_Single_Malt_New-American_SQP.2L-1-154x300.jpg 154w, http:\/\/espritvins.pro\/wp-content\/uploads\/2022\/07\/Boulder_Spirits_Single_Malt_New-American_SQP.2L-1-525x1024.jpg 525w, http:\/\/espritvins.pro\/wp-content\/uploads\/2022\/07\/Boulder_Spirits_Single_Malt_New-American_SQP.2L-1-768x1498.jpg 768w, http:\/\/espritvins.pro\/wp-content\/uploads\/2022\/07\/Boulder_Spirits_Single_Malt_New-American_SQP.2L-1-787x1536.jpg 787w, http:\/\/espritvins.pro\/wp-content\/uploads\/2022\/07\/Boulder_Spirits_Single_Malt_New-American_SQP.2L-1-1050x2048.jpg 1050w, http:\/\/espritvins.pro\/wp-content\/uploads\/2022\/07\/Boulder_Spirits_Single_Malt_New-American_SQP.2L-1-scaled.jpg 1312w\" sizes=\"100vw\" \/>\t\t\t\t\t\t\t\t\t\t\t\t\t\t\t<\/div>\n\t\t\t\t<\/div>\n\t\t\t\t\t<\/div>\n\t\t<\/div>\n\t\t\t\t<div class=\"elementor-column elementor-col-25 elementor-top-column elementor-element elementor-element-96b4091\" data-id=\"96b4091\" data-element_type=\"column\">\n\t\t\t<div class=\"elementor-widget-wrap elementor-element-populated\">\n\t\t\t\t\t\t\t\t<div class=\"elementor-element elementor-element-a24d691 elementor-widget elementor-widget-heading\" data-id=\"a24d691\" data-element_type=\"widget\" data-widget_type=\"heading.default\">\n\t\t\t\t<div class=\"elementor-widget-container\">\n\t\t\t<h2 class=\"elementor-heading-title elementor-size-default\"><br><br><br>NEW AMERICAN<\/h2>\t\t<\/div>\n\t\t\t\t<\/div>\n\t\t\t\t<div class=\"elementor-element elementor-element-0b0647a elementor-widget elementor-widget-heading\" data-id=\"0b0647a\" data-element_type=\"widget\" data-widget_type=\"heading.default\">\n\t\t\t\t<div class=\"elementor-widget-container\">\n\t\t\t<h2 class=\"elementor-heading-title elementor-size-default\">American Single Malt Whiskey<\/h2>\t\t<\/div>\n\t\t\t\t<\/div>\n\t\t\t\t<div class=\"elementor-element elementor-element-2fac890 elementor-widget elementor-widget-heading\" data-id=\"2fac890\" data-element_type=\"widget\" data-widget_type=\"heading.default\">\n\t\t\t\t<div class=\"elementor-widget-container\">\n\t\t\t<h1 class=\"elementor-heading-title elementor-size-default\">Compos\u00e9 \u00e0 100% d'orge malt\u00e9, ce whiskey sera d'abord distill\u00e9 en Pot Still et ensuite vieilli comme un Bourbon pendant 3 ans minimum dans des f\u00fbts de ch\u00eane am\u00e9ricain vierges.<\/h1>\t\t<\/div>\n\t\t\t\t<\/div>\n\t\t\t\t<div class=\"elementor-element elementor-element-1a8767e elementor-align-center elementor-widget elementor-widget-button\" data-id=\"1a8767e\" data-element_type=\"widget\" data-widget_type=\"button.default\">\n\t\t\t\t<div class=\"elementor-widget-container\">\n\t\t\t\t\t<div class=\"elementor-button-wrapper\">\n\t\t\t<a href=\"http:\/\/espritvins.pro\/index.php\/new-american-whiskey\/\" class=\"elementor-button-link elementor-button elementor-size-sm\" role=\"button\">\n\t\t\t\t\t\t<span class=\"elementor-button-content-wrapper\">\n\t\t\t\t\t\t<span class=\"elementor-button-text\">D\u00e9couvrir<\/span>\n\t\t<\/span>\n\t\t\t\t\t<\/a>\n\t\t<\/div>\n\t\t\t\t<\/div>\n\t\t\t\t<\/div>\n\t\t\t\t\t<\/div>\n\t\t<\/div>\n\t\t\t\t<div class=\"elementor-column elementor-col-25 elementor-top-column elementor-element elementor-element-7f27a0d\" data-id=\"7f27a0d\" data-element_type=\"column\">\n\t\t\t<div class=\"elementor-widget-wrap elementor-element-populated\">\n\t\t\t\t\t\t\t\t<div class=\"elementor-element elementor-element-9a85f16 elementor-widget elementor-widget-image\" data-id=\"9a85f16\" data-element_type=\"widget\" data-widget_type=\"image.default\">\n\t\t\t\t<div class=\"elementor-widget-container\">\n\t\t\t\t\t\t\t\t\t\t\t\t\t\t\t<img width=\"158\" height=\"300\" src=\"http:\/\/espritvins.pro\/wp-content\/uploads\/2022\/07\/Boulder_Spirits_Single_Malt_Peated_SQP.2L-1-158x300.jpg\" class=\"attachment-medium size-medium\" alt=\"\" loading=\"lazy\" srcset=\"http:\/\/espritvins.pro\/wp-content\/uploads\/2022\/07\/Boulder_Spirits_Single_Malt_Peated_SQP.2L-1-158x300.jpg 158w, http:\/\/espritvins.pro\/wp-content\/uploads\/2022\/07\/Boulder_Spirits_Single_Malt_Peated_SQP.2L-1-538x1024.jpg 538w, http:\/\/espritvins.pro\/wp-content\/uploads\/2022\/07\/Boulder_Spirits_Single_Malt_Peated_SQP.2L-1-768x1462.jpg 768w, http:\/\/espritvins.pro\/wp-content\/uploads\/2022\/07\/Boulder_Spirits_Single_Malt_Peated_SQP.2L-1-807x1536.jpg 807w, http:\/\/espritvins.pro\/wp-content\/uploads\/2022\/07\/Boulder_Spirits_Single_Malt_Peated_SQP.2L-1-1076x2048.jpg 1076w, http:\/\/espritvins.pro\/wp-content\/uploads\/2022\/07\/Boulder_Spirits_Single_Malt_Peated_SQP.2L-1-scaled.jpg 1345w\" sizes=\"100vw\" \/>\t\t\t\t\t\t\t\t\t\t\t\t\t\t\t<\/div>\n\t\t\t\t<\/div>\n\t\t\t\t\t<\/div>\n\t\t<\/div>\n\t\t\t\t<div class=\"elementor-column elementor-col-25 elementor-top-column elementor-element elementor-element-1f9f57e\" data-id=\"1f9f57e\" data-element_type=\"column\">\n\t\t\t<div class=\"elementor-widget-wrap elementor-element-populated\">\n\t\t\t\t\t\t\t\t<div class=\"elementor-element elementor-element-7d654c0 elementor-widget elementor-widget-heading\" data-id=\"7d654c0\" data-element_type=\"widget\" data-widget_type=\"heading.default\">\n\t\t\t\t<div class=\"elementor-widget-container\">\n\t\t\t<h2 class=\"elementor-heading-title elementor-size-default\"><br><br><br>PEATED MALT<\/h2>\t\t<\/div>\n\t\t\t\t<\/div>\n\t\t\t\t<div class=\"elementor-element elementor-element-a81bd09 elementor-widget elementor-widget-heading\" data-id=\"a81bd09\" data-element_type=\"widget\" data-widget_type=\"heading.default\">\n\t\t\t\t<div class=\"elementor-widget-container\">\n\t\t\t<h2 class=\"elementor-heading-title elementor-size-default\">American Single Malt Whiskey <\/h2>\t\t<\/div>\n\t\t\t\t<\/div>\n\t\t\t\t<div class=\"elementor-element elementor-element-7c64f66 elementor-widget elementor-widget-heading\" data-id=\"7c64f66\" data-element_type=\"widget\" data-widget_type=\"heading.default\">\n\t\t\t\t<div class=\"elementor-widget-container\">\n\t\t\t<h1 class=\"elementor-heading-title elementor-size-default\">La distillerie utilise ici le m\u00eame proc\u00e9d\u00e9 que pour son American Single Malt \" classique\" mais cette fois ci avec de l'orge malt\u00e9 tourb\u00e9.<br><\/h1>\t\t<\/div>\n\t\t\t\t<\/div>\n\t\t\t\t<div class=\"elementor-element elementor-element-6de3644 elementor-align-center elementor-widget elementor-widget-button\" data-id=\"6de3644\" data-element_type=\"widget\" data-widget_type=\"button.default\">\n\t\t\t\t<div class=\"elementor-widget-container\">\n\t\t\t\t\t<div class=\"elementor-button-wrapper\">\n\t\t\t<a href=\"http:\/\/espritvins.pro\/index.php\/peated-malt-whiskey\/\" class=\"elementor-button-link elementor-button elementor-size-sm\" role=\"button\">\n\t\t\t\t\t\t<span class=\"elementor-button-content-wrapper\">\n\t\t\t\t\t\t<span class=\"elementor-button-text\">D\u00e9couvrir<\/span>\n\t\t<\/span>\n\t\t\t\t\t<\/a>\n\t\t<\/div>\n\t\t\t\t<\/div>\n\t\t\t\t<\/div>\n\t\t\t\t\t<\/div>\n\t\t<\/div>\n\t\t\t\t\t\t\t<\/div>\n\t\t<\/section>\n\t\t\t\t<section class=\"elementor-section elementor-top-section elementor-element elementor-element-7364a86 elementor-section-boxed elementor-section-height-default elementor-section-height-default\" data-id=\"7364a86\" data-element_type=\"section\">\n\t\t\t\t\t\t<div class=\"elementor-container elementor-column-gap-default\">\n\t\t\t\t\t<div class=\"elementor-column elementor-col-25 elementor-top-column elementor-element elementor-element-10cb854\" data-id=\"10cb854\" data-element_type=\"column\">\n\t\t\t<div class=\"elementor-widget-wrap elementor-element-populated\">\n\t\t\t\t\t\t\t\t<div class=\"elementor-element elementor-element-b3824da elementor-widget elementor-widget-image\" data-id=\"b3824da\" data-element_type=\"widget\" data-widget_type=\"image.default\">\n\t\t\t\t<div class=\"elementor-widget-container\">\n\t\t\t\t\t\t\t\t\t\t\t\t\t\t\t<img width=\"119\" height=\"300\" src=\"http:\/\/espritvins.pro\/wp-content\/uploads\/2025\/09\/BOUTEILLE-SITE-8-119x300.png\" class=\"attachment-medium size-medium\" alt=\"\" loading=\"lazy\" srcset=\"http:\/\/espritvins.pro\/wp-content\/uploads\/2025\/09\/BOUTEILLE-SITE-8-119x300.png 119w, http:\/\/espritvins.pro\/wp-content\/uploads\/2025\/09\/BOUTEILLE-SITE-8-405x1024.png 405w, http:\/\/espritvins.pro\/wp-content\/uploads\/2025\/09\/BOUTEILLE-SITE-8.png 540w\" sizes=\"100vw\" \/>\t\t\t\t\t\t\t\t\t\t\t\t\t\t\t<\/div>\n\t\t\t\t<\/div>\n\t\t\t\t\t<\/div>\n\t\t<\/div>\n\t\t\t\t<div class=\"elementor-column elementor-col-25 elementor-top-column elementor-element elementor-element-e8eca49\" data-id=\"e8eca49\" data-element_type=\"column\">\n\t\t\t<div class=\"elementor-widget-wrap elementor-element-populated\">\n\t\t\t\t\t\t\t\t<div class=\"elementor-element elementor-element-57f7921 elementor-widget elementor-widget-heading\" data-id=\"57f7921\" data-element_type=\"widget\" data-widget_type=\"heading.default\">\n\t\t\t\t<div class=\"elementor-widget-container\">\n\t\t\t<h2 class=\"elementor-heading-title elementor-size-default\"><br><br><br> BOTTLED IN BOND<\/h2>\t\t<\/div>\n\t\t\t\t<\/div>\n\t\t\t\t<div class=\"elementor-element elementor-element-7eb8358 elementor-widget elementor-widget-heading\" data-id=\"7eb8358\" data-element_type=\"widget\" data-widget_type=\"heading.default\">\n\t\t\t\t<div class=\"elementor-widget-container\">\n\t\t\t<h2 class=\"elementor-heading-title elementor-size-default\">American Single Malt Whiskey<\/h2>\t\t<\/div>\n\t\t\t\t<\/div>\n\t\t\t\t<div class=\"elementor-element elementor-element-bb0d372 elementor-widget elementor-widget-heading\" data-id=\"bb0d372\" data-element_type=\"widget\" data-widget_type=\"heading.default\">\n\t\t\t\t<div class=\"elementor-widget-container\">\n\t\t\t<h1 class=\"elementor-heading-title elementor-size-default\"><p data-start=\"1113\" data-end=\"1346\">Ce Single Malt estampill\u00e9 \u00ab Bottled in Bond \u00bb respecte les crit\u00e8res les plus exigeants de l\u2019appellation.<br data-start=\"1217\" data-end=\"1220\">\nVieilli au moins 4 ans en f\u00fbts de ch\u00eane am\u00e9ricain, il r\u00e9v\u00e8le une belle intensit\u00e9, entre caramel, vanille et c\u00e9r\u00e9ales toast\u00e9es.<\/p>\n<p data-start=\"1348\" data-end=\"1450\">Embouteill\u00e9 \u00e0 50%, sans concession.<span style=\"font-family: Roboto, sans-serif;\"><\/span><\/p><\/h1>\t\t<\/div>\n\t\t\t\t<\/div>\n\t\t\t\t<div class=\"elementor-element elementor-element-a1c70ac elementor-align-center elementor-widget elementor-widget-button\" data-id=\"a1c70ac\" data-element_type=\"widget\" data-widget_type=\"button.default\">\n\t\t\t\t<div class=\"elementor-widget-container\">\n\t\t\t\t\t<div class=\"elementor-button-wrapper\">\n\t\t\t<a href=\"http:\/\/espritvins.pro\/index.php\/boulder-bottled-in-bond\/\" class=\"elementor-button-link elementor-button elementor-size-sm\" role=\"button\">\n\t\t\t\t\t\t<span class=\"elementor-button-content-wrapper\">\n\t\t\t\t\t\t<span class=\"elementor-button-text\">D\u00e9couvrir<\/span>\n\t\t<\/span>\n\t\t\t\t\t<\/a>\n\t\t<\/div>\n\t\t\t\t<\/div>\n\t\t\t\t<\/div>\n\t\t\t\t\t<\/div>\n\t\t<\/div>\n\t\t\t\t<div class=\"elementor-column elementor-col-25 elementor-top-column elementor-element elementor-element-8920d72\" data-id=\"8920d72\" data-element_type=\"column\">\n\t\t\t<div class=\"elementor-widget-wrap\">\n\t\t\t\t\t\t\t\t\t<\/div>\n\t\t<\/div>\n\t\t\t\t<div class=\"elementor-column elementor-col-25 elementor-top-column elementor-element elementor-element-71baca4\" data-id=\"71baca4\" data-element_type=\"column\">\n\t\t\t<div class=\"elementor-widget-wrap\">\n\t\t\t\t\t\t\t\t\t<\/div>\n\t\t<\/div>\n\t\t\t\t\t\t\t<\/div>\n\t\t<\/section>\n\t\t\t\t\t\t\t<\/div>\n\t\t","protected":false},"excerpt":{"rendered":"<p>COLORADO Straight Bourbon Whiskey Ce Straight Bourbon \u00e2g\u00e9 de 2 ans est le r\u00e9sultat d&rsquo;un assemblage peu commun pour un Bourbon. D\u00e9couvrir PORT CASK Single Malt du Colorado &#8211; Vieilli en f\u00fbts de Porto Ce whisky am\u00e9ricain 100% orge malt\u00e9e r\u00e9v\u00e8le toute la richesse du f\u00fbt de Porto. Une belle intensit\u00e9 aromatique m\u00ealant fruits rouges, &hellip; <\/p>\n<p class=\"link-more\"><a href=\"http:\/\/espritvins.pro\/index.php\/boulder-spirits\/\" class=\"more-link\">Continuer la lecture<span class=\"screen-reader-text\"> de &laquo;&nbsp;BOULDER SPIRITS&nbsp;&raquo;<\/span><\/a><\/p>\n","protected":false},"author":1,"featured_media":0,"parent":0,"menu_order":0,"comment_status":"closed","ping_status":"closed","template":"","meta":[],"_links":{"self":[{"href":"http:\/\/espritvins.pro\/index.php\/wp-json\/wp\/v2\/pages\/5320"}],"collection":[{"href":"http:\/\/espritvins.pro\/index.php\/wp-json\/wp\/v2\/pages"}],"about":[{"href":"http:\/\/espritvins.pro\/index.php\/wp-json\/wp\/v2\/types\/page"}],"author":[{"embeddable":true,"href":"http:\/\/espritvins.pro\/index.php\/wp-json\/wp\/v2\/users\/1"}],"replies":[{"embeddable":true,"href":"http:\/\/espritvins.pro\/index.php\/wp-json\/wp\/v2\/comments?post=5320"}],"version-history":[{"count":77,"href":"http:\/\/espritvins.pro\/index.php\/wp-json\/wp\/v2\/pages\/5320\/revisions"}],"predecessor-version":[{"id":6655,"href":"http:\/\/espritvins.pro\/index.php\/wp-json\/wp\/v2\/pages\/5320\/revisions\/6655"}],"wp:attachment":[{"href":"http:\/\/espritvins.pro\/index.php\/wp-json\/wp\/v2\/media?parent=5320"}],"curies":[{"name":"wp","href":"https:\/\/api.w.org\/{rel}","templated":true}]}}