{"id":979,"date":"2020-05-12T12:19:13","date_gmt":"2020-05-12T10:19:13","guid":{"rendered":"http:\/\/espritg.cluster028.hosting.ovh.net\/?page_id=979"},"modified":"2025-09-10T16:47:24","modified_gmt":"2025-09-10T14:47:24","slug":"floki-sherry-cask-finish","status":"publish","type":"page","link":"http:\/\/espritvins.pro\/index.php\/floki-sherry-cask-finish\/","title":{"rendered":"FLOKI SHERRY CASK FINISH"},"content":{"rendered":"\n<div class=\"wp-block-media-text alignwide is-stacked-on-mobile\" style=\"grid-template-columns:13% auto\"><figure class=\"wp-block-media-text__media\"><img loading=\"lazy\" width=\"339\" height=\"1024\" src=\"http:\/\/espritg.cluster028.hosting.ovh.net\/wp-content\/uploads\/2020\/05\/Floki_DoubleWoodVisual_SherryCask-339x1024.jpg\" alt=\"\" class=\"wp-image-929 size-full\"\/><\/figure><div class=\"wp-block-media-text__content\">\n<h5 class=\"has-text-align-center\">SA CONSTITUTION<\/h5>\n\n\n\n<p style=\"font-size:18px\">Autre nouveaut\u00e9 de la distillerie islandaise Eimverk, Fl\u00f3ki Sherry Cask Finish est inspir\u00e9 d\u2019un proc\u00e9d\u00e9 tr\u00e8s r\u00e9pandu en \u00c9cosse, terre natale du single malt : la double maturation en f\u00fbts de ch\u00eane puis en ex-f\u00fbts de sherry.&nbsp; <\/p>\n\n\n\n<h5 class=\"has-text-align-center\">SA PARTICULARIT\u00c9<\/h5>\n\n\n\n<p style=\"font-size:18px\">Non color\u00e9, non filtr\u00e9 \u00e0 froid, embouteill\u00e9 \u00e0 47%.<\/p>\n<\/div><\/div>\n\n\n\n<div class=\"wp-block-media-text alignwide has-media-on-the-right is-stacked-on-mobile\" style=\"grid-template-columns:auto 29%\"><figure class=\"wp-block-media-text__media\"><img loading=\"lazy\" width=\"387\" height=\"380\" src=\"http:\/\/espritg.cluster028.hosting.ovh.net\/wp-content\/uploads\/2020\/05\/Capture-d\u2019\u00e9cran-2020-05-19-\u00e0-15.55.22.png\" alt=\"\" class=\"wp-image-1911 size-full\" srcset=\"http:\/\/espritvins.pro\/wp-content\/uploads\/2020\/05\/Capture-d\u2019\u00e9cran-2020-05-19-\u00e0-15.55.22.png 387w, http:\/\/espritvins.pro\/wp-content\/uploads\/2020\/05\/Capture-d\u2019\u00e9cran-2020-05-19-\u00e0-15.55.22-300x295.png 300w\" sizes=\"(max-width: 387px) 100vw, 387px\" \/><\/figure><div class=\"wp-block-media-text__content\">\n<h5 class=\"has-text-align-center\">SES AR\u00d4MES<\/h5>\n\n\n\n<p style=\"font-size:18px\">Palette aromatique riche, allant du bois au chocolat, enpassant par des notes fruit\u00e9es et de vanille.&nbsp;<br><\/p>\n<\/div><\/div>\n\n\n\n<h5 class=\"has-text-align-center\">FICHE TECHNIQUE<\/h5>\n\n\n\n<figure class=\"wp-block-table aligncenter is-style-stripes\"><table><tbody><tr><td><strong>Provenance<\/strong><br>Islande<br><\/td><\/tr><tr><td> <strong>Flaconnage<\/strong><br>70 cL<br><\/td><\/tr><tr><td><strong>Degr\u00e9 d&rsquo;alcool<\/strong><br>47 %<br><\/td><\/tr><tr><td><strong>Marque<\/strong><br>Eimverk Distillery<br><\/td><\/tr><tr><td><strong>\u00c2ge<\/strong><br>3 ans<br><\/td><\/tr><tr><td><strong>Type<\/strong><br>Single Malt<br><\/td><\/tr><\/tbody><\/table><\/figure>\n\n\n<div class=\"wp-block-image\">\n<figure class=\"aligncenter is-resized\"><img loading=\"lazy\" src=\"http:\/\/espritg.cluster028.hosting.ovh.net\/wp-content\/uploads\/2020\/04\/NOuveau-Logo-2020-zoom-barbe.jpg\" alt=\"L\u2019attribut alt de cette image est vide, son nom de fichier est NOuveau-Logo-2020-zoom-barbe.jpg.\" width=\"81\" height=\"71\"\/><\/figure><\/div>","protected":false},"excerpt":{"rendered":"<p>SA CONSTITUTION Autre nouveaut\u00e9 de la distillerie islandaise Eimverk, Fl\u00f3ki Sherry Cask Finish est inspir\u00e9 d\u2019un proc\u00e9d\u00e9 tr\u00e8s r\u00e9pandu en \u00c9cosse, terre natale du single malt : la double maturation en f\u00fbts de ch\u00eane puis en ex-f\u00fbts de sherry.&nbsp; SA PARTICULARIT\u00c9 Non color\u00e9, non filtr\u00e9 \u00e0 froid, embouteill\u00e9 \u00e0 47%. SES AR\u00d4MES Palette aromatique riche, &hellip; <\/p>\n<p class=\"link-more\"><a href=\"http:\/\/espritvins.pro\/index.php\/floki-sherry-cask-finish\/\" class=\"more-link\">Continuer la lecture<span class=\"screen-reader-text\"> de &laquo;&nbsp;FLOKI SHERRY CASK FINISH&nbsp;&raquo;<\/span><\/a><\/p>\n","protected":false},"author":1,"featured_media":0,"parent":0,"menu_order":0,"comment_status":"closed","ping_status":"closed","template":"","meta":[],"_links":{"self":[{"href":"http:\/\/espritvins.pro\/index.php\/wp-json\/wp\/v2\/pages\/979"}],"collection":[{"href":"http:\/\/espritvins.pro\/index.php\/wp-json\/wp\/v2\/pages"}],"about":[{"href":"http:\/\/espritvins.pro\/index.php\/wp-json\/wp\/v2\/types\/page"}],"author":[{"embeddable":true,"href":"http:\/\/espritvins.pro\/index.php\/wp-json\/wp\/v2\/users\/1"}],"replies":[{"embeddable":true,"href":"http:\/\/espritvins.pro\/index.php\/wp-json\/wp\/v2\/comments?post=979"}],"version-history":[{"count":14,"href":"http:\/\/espritvins.pro\/index.php\/wp-json\/wp\/v2\/pages\/979\/revisions"}],"predecessor-version":[{"id":6515,"href":"http:\/\/espritvins.pro\/index.php\/wp-json\/wp\/v2\/pages\/979\/revisions\/6515"}],"wp:attachment":[{"href":"http:\/\/espritvins.pro\/index.php\/wp-json\/wp\/v2\/media?parent=979"}],"curies":[{"name":"wp","href":"https:\/\/api.w.org\/{rel}","templated":true}]}}